0?
-473
-11132 (base 5) to base 15
-37c
What is -2105 (base 7) in base 11?
-613
What is -231 (base 15) in base 3?
-200101
5442 (base 10) to base 4
1111002
Convert -987 (base 12) to base 7.
-4036
What is 13062 (base 7) in base 9?
4680
What is -74d6 (base 14) in base 2?
-100111011010100
3322011 (base 4) to base 11
11030
46038 (base 9) to base 6
353525
Convert -111000011010 (base 2) to base 7.
-13345
What is 3c8 (base 14) in base 8?
1374
Convert -2043 (base 9) to base 8.
-2731
What is -2508 (base 9) in base 2?
-11101001111
What is -1604 (base 9) in base 13?
-72a
Convert 12000 (base 3) to base 2.
10000111
Convert -1102201 (base 3) to base 11.
-870
Convert -182 (base 16) to base 7.
-1061
-11566 (base 15) to base 14
-161a5
Convert -143 (base 5) to base 7.
-66
2954 (base 14) to base 15
2286
What is 20140 (base 5) in base 3?
1202222
7539 (base 13) to base 3
211022200
What is 7a (base 11) in base 4?
1113
What is -23312 (base 5) in base 14?
-89d
-1a3 (base 15) to base 4
-11322
60a7 (base 11) to base 7
32424
Convert 5075 (base 12) to base 14.
3277
Convert 35211 (base 7) to base 14.
3408
-942 (base 13) to base 2
-11000100111
Convert -17403 (base 8) to base 9.
-11801
What is 241 (base 11) in base 2?
100011111
Convert 58 (base 13) to base 16.
49
Convert -42 (base 7) to base 3.
-1010
What is 22031 (base 6) in base 9?
4151
1542 (base 8) to base 2
1101100010
-130a1 (base 11) to base 12
-aa21
What is -64b7 (base 13) in base 7?
-55561
What is -536 (base 10) in base 3?
-201212
What is 6c7 (base 14) in base 4?
111013
What is 616 (base 8) in base 12?
292
What is -36 (base 11) in base 4?
-213
-3261 (base 7) to base 3
-1121100
What is -384 (base 10) in base 12?
-280
5517 (base 10) to base 11
4166
Convert -14a4 (base 15) to base 9.
-6061
Convert -40d (base 16) to base 12.
-725
2031200 (base 5) to base 2
1000001000010100
12633 (base 14) to base 7
245363
What is -152125 (base 6) in base 13?
-692c
What is 120 (base 4) in base 8?
30
What is 3665 (base 9) in base 16?
aac
Convert -24545 (base 6) to base 15.
-1145
What is -100010001111 (base 2) in base 11?
-1712
What is 42b2 (base 13) in base 15?
2b31
Convert 101010100011001 (base 2) to base 3.
1002212212
38c (base 16) to base 8
1614
Convert 2db3 (base 15) to base 6.
113323
Convert 2a57 (base 12) to base 11.
3802
-17 (base 11) to base 9
-20
4641 (base 12) to base 8
17221
-103 (base 7) to base 4
-310
Convert 1dc (base 16) to base 8.
734
19e2 (base 16) to base 2
1100111100010
What is -10001001110 (base 2) in base 3?
-1111211
What is -2311 (base 5) in base 11?
-281
What is -2cb8 (base 13) in base 16?
-19ad
What is -749 (base 16) in base 11?
-1446
Convert -1b83 (base 15) to base 5.
-142343
Convert -872 (base 16) to base 2.
-100001110010
Convert -689 (base 10) to base 12.
-495
What is -4132 (base 12) in base 15?
-217e
111011010000 (base 2) to base 7
14025
47840 (base 10) to base 8
135340
Convert 20011303 (base 4) to base 15.
9c44
What is 341 (base 12) in base 11?
3a8
2204 (base 12) to base 4
322210
1432 (base 8) to base 5
11134
Convert -24b (base 14) to base 3.
-122000
Convert 437 (base 10) to base 12.
305
-211412 (base 5) to base 12
-4143
Convert -154023 (base 6) to base 3.
-202202120
Convert 1300 (base 10) to base 9.
1704
-bbb (base 16) to base 5
-44003
Convert -1433 (base 6) to base 8.
-575
Convert 624 (base 7) to base 2.
100111000
2056 (base 8) to base 12
752
What is 1543 (base 13) in base 9?
4221
Convert -4256 (base 12) to base 2.
-1110001100010
-110010101000 (base 2) to base 14
-1276
What is -c5 (base 15) in base 4?
-2321
Convert -779 (base 11) to base 8.
-1645
-aa3 (base 14) to base 13
-c5a
What is -a76 (base 14) in base 15?
-929
What is -294 (base 15) in base 7?
-1501
Convert 430150 (base 7) to base 13.
27bbc
Convert 76 (base 11) to base 14.
5d
Convert 11ab8 (base 14) to base 15.
cc57
What is -120220 (base 3) in base 14?
-229
Convert 604 (base 7) to base 3.
102001
-21fb (base 16) to base 14
-3255
-168b (base 14) to base 10
-4043
-1827 (base 11) to base 3
-10012020
What is 1021120 (base 3) in base 6?
4153
What is 1011011001100 (base 2) in base 12?
3464
What is -1323031 (base 4) in base 12?
-4691
-13 (base 10) to base 13
-10
What is -455 (base 6) in base 16?
-b3
Convert -21112 (base 3) to base 4.
-3023
Convert -1a8 (base 16) to base 2.
-110101000
-3794 (base 11) to base 12
-2a3b
Convert 314525 (base 6) to base 12.
12a45
What is -132a (base 11) in base 2?
-11010111110
Convert 8561 (base 14) to base 8.
54751
-110110101011011 (base 2) to base 4
-12311123
-22 (base 13) to base 14
-20
Convert -60158 (base 9) to base 3.
-2000011222
What is 1010100101 (base 2) in base 9?
832
What is -111120 (base 3) in base 5?
-2431
Convert 23123303 (base 4) to base 12.
2312b
-24231 (base 8) to base 10
-10393
What is -6412 (base 16) in base 10?
-25618
What is -21212 (base 3) in base 11?
-183
What is -270 (base 16) in base 13?
-390
Convert 10111100010 (base 2) to base 5.
22011
Convert -2301 (base 4) to base 9.
-216
-659 (base 14) to base 12
-887
What is -1302420 (base 5) in base 15?
-77aa
Convert -25b8 (base 13) to base 5.
-133030
1221 (base 4) to base 10
105
-2430 (base 6) to base 16
-252
Convert -100011010101010 (base 2) to base 10.
-18090
-101343 (base 6) to base 14
-2d67
-131 (base 8) to base 15
-5e
Convert c427 (base 13) to base 10.
27073
Convert -1872b (base 14) to base 16.
-f153
-922 (base 10) to base 2
-1110011010
4508 (base 10) to base 4
1012130
Convert -33b1 (base 16) to base 6.
-141133
What is -bda (base 16) in base 8?
-5732
What is -137 (base 12) in base 7?
-355
-10200000 (base 3) to base 11
-2010
What is 1320 (base 4) in base 13?
93
Convert -65b9 (base 13) to base 15.
-4304
Convert -6c14 (base 13) to base 14.
-5799
373 (base 11) to base 2
110111011
Convert -d5 (base 15) to base 9.
-242
Convert -249 (base 11) to base 6.
-1211
-1261 (base 7) to base 6
-2124
-2c8 (base 14) to base 3
-210001
What is 512d (base 16) in base 10?
20781
Convert -1000001101001 (base 2) to base 16.
-1069
Convert -1b4 (base 12) to base 7.
-550
-1815 (base 12) to base 7
-11306
Convert 1d (base 15) to base 8.
34
Convert -1101000010 (base 2) to base 11.
-699
What is -1d2d (base 14) in base 10?
-5333
Convert 22013002 (base 4) to base 2.
1010000111000010
What is a21 (base 15) in base 4?
203221
1444013 (base 6) to base 10
83817
Convert 627 (base 10) to base 14.
32b
What is -8643 (base 15) in base 8?
-67375
10113 (base 8) to base 15
1381
What is -101123 (base 4) in base 15?
-4e5
313 (base 5) to base 4
1103
What is 15993 (base 10) in base 15?
4b13
10002210 (base 3) to base 2
100011010110
What is -101010101011110 (base 2) in base 15?
-671e
-1232320 (base 4) to base 13
-32cb
What is -147 (base 13) in base 10?
-228
Convert -13083 (base 13) to base 12.
-184a3
Convert -33201 (base 4) to base 13.
-5b5
Convert 6420 (base 7) to base 3.
10010000
Convert 4021 (base 14) to base 10.
11005
What is 5650 (base 7) in base 14?
a60
-2565 (base 8) to base 7
-4034
112050 (base 8) to base 10
37928
What is -518 (base 11) in base 2?
-1001110000
Convert 20487 (base 9) to base 14.
4d01
65 (base 9) to base 5
214
What is -3fe (base 16) in base 8?
-1776
Convert -16a8 (base 12) to base 6.
-20332
What is 40320 (base 5) in base 9?
3482
-c798 (base 13) to base 12
-14020
-1362 (base 7) to base 4
-20112
What is 1336 (base 16) in base 4?
1030312
-2ec (base 15) to base 16
-2a0
What is -1420 (base 5) in base 14?
-12b
What is 16572 (base 9) in base 12?
6725
What is 13441 (base 8) in base 6?
43225
What is 17f3 (base 16) in base 7?
23606
What is 11011001 (base 3) in base 16?
bd1
Convert 30544 (base 7) to base 6.
54344
What is -136 (base 14) in base 2?
-11110100
Convert -14004 (base 7) to base 8.
-7301
What is 76372 (base 8) in base 10?
31994
-10001000101 (base 2) to base 7
-3121
What is 1001100100010 (base 2) in base 13?
22ca
What is 4603 (base 10) in base 5?
121403
What is 4070 (base 10) in base 16?
fe6
What is 220012 (base 3) in base 10?
653
-1101202 (base 3) to base 4
-33323
Convert 5672 (base 8) to base 11.
228a
What is -12420 (base 6) in base 7?
-5331
Convert -42230 (base 5) to base 10.
-2815
Convert -10101000 (base 2) to base 6.
-440
-2613 (base 7) to base 10
-990
314044 (base 5) to base 10
10524
Convert 682 (base 10) to base 9.
837
-410 (base 11) to base 10
-495
19143 (base 10) to base 11
13423
Conv